{"id":15116,"date":"2022-04-12T15:10:54","date_gmt":"2022-04-12T13:10:54","guid":{"rendered":"https:\/\/www.vinoversum.at\/?post_type=ajde_events&#038;p=15116"},"modified":"2026-02-18T09:08:38","modified_gmt":"2026-02-18T08:08:38","slug":"radwandertag-3laendereck","status":"publish","type":"ajde_events","link":"https:\/\/www.vinoversum.at\/de\/events\/radwandertag-3laendereck\/","title":{"rendered":"RADWandertag Weinviertler Dreil\u00e4ndereck"},"content":{"rendered":"<p>Am <strong>29.5.2022, ab 13.30 Uh<\/strong>r wird im Weinviertler Dreil\u00e4ndereck geradelt! <a href=\"https:\/\/www.vinoversum.at\/wp-content\/uploads\/2022\/04\/Plakat-Radwandertag.pdf\">Plakat<\/a><\/p>\n<p>Start und Ziel ist bei der WEIN+TRAUBEN Welt in Poysdorf, dazwischen liegt entweder eine lange Streckenvariante (ca. 33 km) oder eine kurze Runde (ca. 14 km).<\/p>\n<p><strong>Strecken:<\/strong> 2 unterschiedliche Routen bieten sowohl f\u00fcr Familien als auch f\u00fcr die etwas ambitionierteren RadlerInnen einen abwechslungsreichen Radausflug. Die Strecken sind durchg\u00e4ngig beschildert, die Routen k\u00f6nnen auch per App (siehe QR-Code) abgerufen werden.<\/p>\n<p>Stationen: Entlang der Strecke ist bei 2 Labestationen f\u00fcr eine kleine St\u00e4rkung zwischendurch gesorgt.<\/p>\n<p>Plan: Beim Start erhalten alle TeilnehmerInnen einen \u00dcbersichtsplan mit den beiden Streckenf\u00fchrungen und allgemeinen Informationen.<\/p>\n<p>Abschluss: Der gem\u00fctliche Abschluss findet beim Heurigen \u201eWein-Zeit\u201c statt, f\u00fcr musikalische Unterhaltung ist ebenfalls gesorgt. Wer noch Energie genug hat, kann sich noch beim Weinflaschenkegeln versuchen.<\/p>\n<p>Klimaquiz: Zus\u00e4tzlich gibt\u00b4s bei der Teilnahme am Klimaquiz attraktive Preise zu gewinnen.<\/p>\n<p>Hinweis: Die Strecke f\u00fchrt zum Teil durch Ortsgebiete und quert Land- und Bundesstra\u00dfen. Die Fahrt erfolgt auf Eigenverantwortung der TeilnehmerInnen gem\u00e4\u00df der geltenden StVO.<\/p>\n<p>Mit &#8220;Rad und Tat&#8221; zur Seite stehen die Profis vom radWERK-W4. E-Bike-Verleih-Aktion f\u00fcr den Radwandertag um nur \u20ac 17,00!<\/p>\n<p><strong>Reservierung erforderlich.<\/strong> T: 0670\/6020125 oder E:<a href=\"mailto:office@radwerk-w4.at\"> office@radwerk-w4.at<\/a><\/p>\n<p><em>Bei starkem Regen wird die Ausfahrt abgesagt. Es wird darauf hingewiesen, dass bei der Veranstaltung Fotos\/Videos angefertigt werden. Bitte die aktuellen Covid-Bestimmungen beachten.<\/em><\/p>","protected":false},"author":1,"featured_media":15117,"menu_order":0,"comment_status":"open","ping_status":"closed","template":"","meta":[],"tags":[],"event_type":[115],"event_type_2":[],"class_list":["post-15116","ajde_events","type-ajde_events","status-publish","has-post-thumbnail","hentry","event_location-sportplatz","event_type-veranstaltungen"],"_links":{"self":[{"href":"https:\/\/www.vinoversum.at\/de\/wp-json\/wp\/v2\/ajde_events\/15116","targetHints":{"allow":["GET"]}}],"collection":[{"href":"https:\/\/www.vinoversum.at\/de\/wp-json\/wp\/v2\/ajde_events"}],"about":[{"href":"https:\/\/www.vinoversum.at\/de\/wp-json\/wp\/v2\/types\/ajde_events"}],"author":[{"embeddable":true,"href":"https:\/\/www.vinoversum.at\/de\/wp-json\/wp\/v2\/users\/1"}],"replies":[{"embeddable":true,"href":"https:\/\/www.vinoversum.at\/de\/wp-json\/wp\/v2\/comments?post=15116"}],"wp:featuredmedia":[{"embeddable":true,"href":"https:\/\/www.vinoversum.at\/de\/wp-json\/wp\/v2\/media\/15117"}],"wp:attachment":[{"href":"https:\/\/www.vinoversum.at\/de\/wp-json\/wp\/v2\/media?parent=15116"}],"wp:term":[{"taxonomy":"post_tag","embeddable":true,"href":"https:\/\/www.vinoversum.at\/de\/wp-json\/wp\/v2\/tags?post=15116"},{"taxonomy":"event_type","embeddable":true,"href":"https:\/\/www.vinoversum.at\/de\/wp-json\/wp\/v2\/event_type?post=15116"},{"taxonomy":"event_type_2","embeddable":true,"href":"https:\/\/www.vinoversum.at\/de\/wp-json\/wp\/v2\/event_type_2?post=15116"}],"curies":[{"name":"wp","href":"https:\/\/api.w.org\/{rel}","templated":true}]}}

RADWandertag Weinviertler Dreiländereck

<p>Am <strong>29.5.2022, ab 13.30 Uh</strong>r wird im Weinviertler Dreiländereck geradelt! <a href="https://www.vinoversum.at/wp-content/uploads/2022/04/Plakat-Radwandertag.pdf">Plakat</a></p>
<p>Start und Ziel ist bei der WEIN+TRAUBEN Welt in Poysdorf, dazwischen liegt entweder eine lange Streckenvariante (ca. 33 km) oder eine kurze Runde (ca. 14 km).</p>
<p><strong>Strecken:</strong> 2 unterschiedliche Routen bieten sowohl für Familien als auch für die etwas ambitionierteren RadlerInnen einen abwechslungsreichen Radausflug. Die Strecken sind durchgängig beschildert, die Routen können auch per App (siehe QR-Code) abgerufen werden.</p>
<p>Stationen: Entlang der Strecke ist bei 2 Labestationen für eine kleine Stärkung zwischendurch gesorgt.</p>
<p>Plan: Beim Start erhalten alle TeilnehmerInnen einen Übersichtsplan mit den beiden Streckenführungen und allgemeinen Informationen.</p>
<p>Abschluss: Der gemütliche Abschluss findet beim Heurigen „Wein-Zeit“ statt, für musikalische Unterhaltung ist ebenfalls gesorgt. Wer noch Energie genug hat, kann sich noch beim Weinflaschenkegeln versuchen.</p>
<p>Klimaquiz: Zusätzlich gibt´s bei der Teilnahme am Klimaquiz attraktive Preise zu gewinnen.</p>
<p>Hinweis: Die Strecke führt zum Teil durch Ortsgebiete und quert Land- und Bundesstraßen. Die Fahrt erfolgt auf Eigenverantwortung der TeilnehmerInnen gemäß der geltenden StVO.</p>
<p>Mit &#8220;Rad und Tat&#8221; zur Seite stehen die Profis vom radWERK-W4. E-Bike-Verleih-Aktion für den Radwandertag um nur € 17,00!</p>
<p><strong>Reservierung erforderlich.</strong> T: 0670/6020125 oder E:<a href="mailto:office@radwerk-w4.at"> office@radwerk-w4.at</a></p>
<p><em>Bei starkem Regen wird die Ausfahrt abgesagt. Es wird darauf hingewiesen, dass bei der Veranstaltung Fotos/Videos angefertigt werden. Bitte die aktuellen Covid-Bestimmungen beachten.</em></p>
